he remainder when m is divided by q?
19
Let z(a) = 26*a - 16. Let i be z(3). Let s = -38 + i. Calculate the remainder when 94 is divided by s.
22
Let k(d) = -d**3 + 11*d**2 + 6*d + 9. Let f be k(12). Let p = f + 94. Let g = p + 8. Calculate the remainder when g is divided by 14.
11
Let j = 42 + -42. Suppose 2*c = -5*v + 248, 3*v + j*c - 136 = 2*c. Calculate the remainder when v is divided by 14.
6
Suppose 3*a = z + 2*z - 594, 4*z + a = 787. What is the remainder when z is divided by 22?
21
Calculate the remainder when 176 is divided by (-5)/((-10)/(-8)) - (-44 - -11).
2
Suppose -4*v - v = -10, 2*q + 3*v = 52. Let l = 55 - q. Calculate the remainder when 126 is divided by l.
30
Calculate the remainder when 171/(-27)*-33 + -9 is divided by 41.
36
Let p(n) = 9*n**2 + 22*n - 91. Calculate the remainder when p(4) is divided by 79.
62
Let h = -46 - -77. Calculate the remainder when h is divided by (-2 - -4)/((-4)/(-22)).
9
Let s be 5/(0 + (-4)/(-40)). Suppose s = -2*m + 7*m. Let n = m + -7. What is the remainder when 9 is divided by n?
0
Let b(a) be the third derivative of -a**5/60 + 3*a**4/8 - a**3/6 - a**2. Calculate the remainder when 34 - 4/((-8)/6) is divided by b(7).
11
Let l = 150 - 94. Let g be (-2)/(-7) + 544/l. Let v(n) = -n**2 + 10*n + 11. Calculate the remainder when 31 is divided by v(g).
9
Let c be 5 + 26 + (-3)/3. Suppose 2 = 2*d - 6. What is the remainder when (-8)/(-10)*c/4 is divided by d?
2
Suppose -2*p = 3*v - 288, 2*v + 4*v + 453 = 3*p. Calculate the remainder when 1318 is divided by p.
142
Suppose 0 = -1092*x + 1101*x - 3015. Calculate the remainder when x is divided by 13.
10
Suppose -7*m + 11*m - 112 = 0. What is the remainder when 305 is divided by m?
25
Suppose 1973 = 20*d - 707. What is the remainder when d is divided by 70?
64
Suppose 317 = 5*k - a + 4*a, -3*k + 4*a + 167 = 0. What is the remainder when 78 is divided by k?
17
Let z be 1*((-6)/(-27))/((-1)/(-9)). What is the remainder when 4/(24/213)*z is divided by 26?
19
Suppose -2*h + 10 + 132 = 0. Calculate the remainder when h is divided by 34.
3
Let h(i) be the first derivative of i**2/2 + 2*i - 11. Calculate the remainder when 83 is divided by h(15).
15
Let a = 4 - 4. Suppose d - 1 - 2 = a. Suppose d*m + o = 16, -m + o - 21 = -5*m. Calculate the remainder when 13 is divided by m.
3
Let i = 2 + 25. Suppose 7*y - 8*y = -7. Calculate the remainder when i is divided by y.
6
Let h be 25/(-7) + (-6)/14. Let n = 27 - h. Calculate the remainder when 123 is divided by n.
30
Suppose -291 = -27*m + 24*m. What is the remainder when 331 is divided by m?
40
Let n be (-8)/(1/(0 + 1)). What is the remainder when 109 is divided by (-33)/((-2)/(n/(-6)))?
21
Suppose 0 = -5*b - 0 - 55. Let q = -1 - b. What is the remainder when q is divided by (-40)/30 + (-2)/((-30)/65)?
1
Let u(c) = c**3 - 18*c**2 - 4*c + 21. Let d be u(19). Let y = -181 + d. Calculate the remainder when y is divided by 42.
41
Let f = 30 + 179. Suppose -204*q + f*q = 315. What is the remainder when q is divided by 33?
30
Let o(x) = x**3 - 17*x**2 - 16*x - 26. Let m be o(18). Let k = -4 - -10. Suppose -m*a = -k*a - 76. What is the remainder when 56 is divided by a?
18
Let y(h) = 56*h - 80. Calculate the remainder when y(13) is divided by 31.
28
Let i = -52 - -247. Calculate the remainder when i is divided by 22.
19
Suppose 0 = 2*m - 1 - 3. Suppose -3*z + 33 = 4*b, 4*z - 43 = -31*b + 26*b. What is the remainder when z is divided by m?
1
Suppose -4*x - 31 = -3*c, 4*x = 3*c - c - 26. Suppose -145 = -c*h - 5*y, 0*h - y + 61 = 2*h. Calculate the remainder when h is divided by 10.
2
Let m be 779/190 - 2/20. Suppose -c = -m*r - 5, -2*c - 2*r + 30 = -0*r. Calculate the remainder when 36 is divided by c.
10
What is the remainder when 39 is divided by ((-15)/10 - -1)*-2 + 16?
5
Let s(z) = -z**3 - 6*z**2 - z - 3. Let d be s(-6). Suppose 142 = -d*a + 226. What is the remainder when a is divided by 3?
1
What is the remainder when (99 - -1)*5/4 is divided by 770/24 - (-21)/(-252)?
29
Suppose z = -12 + 27. Suppose -j - 1 = v - z, j - 4*v - 34 = 0. Suppose 2*h - h = 3, -5*h + 155 = 2*s. Calculate the remainder when s is divided by j.
16
Let o(v) = -4*v**2 - 10*v + 142. Suppose 2*k = -3*p + 89, -7*k + 4*k + 93 = 3*p. Calculate the remainder when p is divided by o(-7).
11
Suppose 5*o - 343 = 432. Suppose 6*l - o = l. Let m = 92 - l. Calculate the remainder when m is divided by 16.
13
Let s = -57 + 16. Let m be s/(-1*(0 + -1)). Let h = -4 - m. Calculate the remainder when h is divided by 10.
7
What is the remainder when 542 is divided by 2/(-12) + (-60802)/(-1212)?
42
Let l be 16/(-4) - (-12 + -1). Suppose 0 = l*y - 10*y + 2. Suppose -3*r + 55 = y*r. Calculate the remainder when r is divided by 3.
2
Let r be (2 - 74)*18/8. Let y = -93 - r. Calculate the remainder when y is divided by 14.
13
Let w(g) = 22*g**3 + 6*g - 5. What is the remainder when 206 is divided by w(1)?
22
Let x(m) be the third derivative of -m**4/24 + 5*m**3/6 - 14*m**2. What is the remainder when 14 is divided by x(2)?
2
Let p(f) = f - 4. Suppose 2*c - 1 = 1. Calculate the remainder when 48 + -3 + c + 0 is divided by p(20).
14
Let k = -10 - -40. Let h = 41 - k. Calculate the remainder when 54 is divided by h.
10
Suppose d + 11 = 64. Suppose 68 = t + 4*g, 0*g = t - g - d. Suppose -71 = -4*j - 6*h + h, -5*j + 3*h = -98. What is the remainder when t is divided by j?
18
Let p = 136 + -53. Suppose -l + p = 57. What is the remainder when l is divided by 7?
5
Suppose -11*t = 2*t + 130. What is the remainder when t/35 - 1581/(-21) is divided by 26?
23
Suppose 0 = 4*i - 8 - 16. Let g(b) = b**2 - 8*b + 7. Let q be g(i). Let f = -1 - q. What is the remainder when 10 is divided by f?
2
Let n be (-22)/55 - (-694)/10. Let v = n + -16. Let z = -15 + v. Calculate the remainder when z is divided by 14.
10
Suppose -6*x = 5*q - x - 395, 0 = -q + x + 73. Calculate the remainder when q is divided by 73.
3
Let h = 503 - 229. Calculate the remainder when h is divided by 70.
64
Let o(y) = y**3 - 6*y**2 - 4*y - 52. Calculate the remainder when o(8) is divided by 27.
17
Suppose 3*u - 15 = -2*u. Suppose 4*h = -2*w - 2*w + 144, -70 = -2*h - u*w. Let n = h - 21. What is the remainder when n is divided by 7?
3
What is the remainder when 430/(-2365) - (-1632)/22 is divided by 17?
6
Let u = -6 - -178. Calculate the remainder when u is divided by 29.
27
Suppose 3*k - 69 = 42. Let v = 110 - k. Calculate the remainder when v is divided by -57*(-3 - (-24)/9).
16
Let u = -96 - -194. Let i = u - 60. Calculate the remainder when 150 is divided by i.
36
Let r = -45 + 276. Let w = r - 129. Calculate the remainder when w is divided by 35.
32
Let p(z) = z**3 + 11*z**2 - 13*z + 11. Calculate the remainder when 53 is divided by p(-12).
7
Suppose -4*o + 5*w = 2*w - 169, 2*w + 126 = 3*o. Suppose -3*t + o + 141 = 5*v, 150 = 4*v + 5*t. What is the remainder when v is divided by 21?
14
Let m = 9 + -9. Suppose m = -2*y + 1 - 11, -3*w + 46 = 4*y. What is the remainder when 85 is divided by w?
19
Suppose t + 29 + 5 = 3*z, 2*t - 4 = 0. What is the remainder when 57 is divided by z?
9
Let b(t) = -t**2 + 16*t - 40. Let u(k) = -k**3 - 9*k**2 + k + 17. Let i be u(-9). What is the remainder when 37 is divided by b(i)?
13
Let c = 151 - -119. Calculate the remainder when c is divided by 13.
10
Suppose -7 = -5*m + 18. What is the remainder when 40 is divided by m?
0
Suppose -4*f + 11 = w, -f - 3*f + 2*w + 14 = 0. Let c = 64 + -38. Calculate the remainder when c is divided by f.
2
Let f = 15 + -6. Suppose 4*y = -x + 9, 3*y + 3 = f. Calculate the remainder when 61 is divided by 7*(1 + x - -1).
19
Let a = 9 - -4. Suppose 185 = -x + 2*i + 206, 64 = 3*x - 5*i. What is the remainder when x is divided by (a/(-2))/(4/(-8))?
10
Calculate the remainder when 98 is divided by (37 - 27)*(-21)/(-6).
28
Let z(h) = 8*h - 2. Suppose 2*w + 0 = 6. Suppose 0 = -3*f - 2*x + 187, 5*f + 31*x - 33*x - 317 = 0. Calculate the remainder when f is divided by z(w).
19
Suppose 5*m + 2*a - 1112 = 0, 4*m - 9*a - 900 = -8*a. Calculate the remainder when m is divided by 9.
8
Suppose 0*d + 10 = 5*d. Suppose -11*s = -12*s + 4. Suppose -d*r = -x + 5, -2*r - 5 + 45 = s*x. What is the remainder when 17 is divided by x?
8
Suppose 3*q = 3*w + 2*w - 144, 4*w = 4*q +